, 6977
What are the prime factors of 633215?
5, 11, 29, 397
What are the prime factors of 5277090?
2, 3, 5, 7, 13, 1933
List the prime factors of 212559.
3, 70853
List the prime factors of 312395.
5, 43, 1453
List the prime factors of 508748.
2, 193, 659
What are the prime factors of 4629667?
7, 94483
List the prime factors of 1785720.
2, 3, 5, 23, 647
List the prime factors of 15064783.
15064783
List the prime factors of 5716866.
2, 3, 952811
List the prime factors of 3421054.
2, 7, 13, 18797
List the prime factors of 750479.
31, 43, 563
List the prime factors of 25278.
2, 3, 11, 383
List the prime factors of 1119051.
3, 124339
List the prime factors of 3236646.
2, 3, 7, 101, 109
What are the prime factors of 662125?
5, 5297
List the prime factors of 898924.
2, 13, 59, 293
What are the prime factors of 4106502?
2, 3, 228139
List the prime factors of 13735146.
2, 3, 43, 139, 383
What are the prime factors of 468433?
7, 66919
List the prime factors of 2936558.
2, 937, 1567
List the prime factors of 633358.
2, 11, 28789
List the prime factors of 1178841.
3, 97, 4051
List the prime factors of 4491782.
2, 79, 28429
What are the prime factors of 581997?
3, 13, 14923
What are the prime factors of 2819388?
2, 3, 11, 13, 31, 53
List the prime factors of 2076606.
2, 3, 7, 16481
What are the prime factors of 214379?
11, 19489
What are the prime factors of 9741049?
9741049
List the prime factors of 746024.
2, 93253
List the prime factors of 10478241.
3, 129361
List the prime factors of 1351041.
3, 17, 59, 449
List the prime factors of 3301767.
3, 7, 7487
What are the prime factors of 2244289?
17, 97, 1361
List the prime factors of 6578139.
3, 2192713
List the prime factors of 1383505.
5, 89, 3109
What are the prime factors of 12207205?
5, 283, 8627
List the prime factors of 1228712.
2, 153589
List the prime factors of 6744591.
3, 7, 107057
What are the prime factors of 4148125?
5, 6637
List the prime factors of 241850.
2, 5, 7, 691
What are the prime factors of 23885265?
3, 5, 59, 137, 197
List the prime factors of 342647.
342647
List the prime factors of 33385468.
2, 8346367
What are the prime factors of 894793?
894793
List the prime factors of 189294.
2, 3, 7, 4507
What are the prime factors of 4709127?
3, 109, 14401
List the prime factors of 191112.
2, 3, 7963
List the prime factors of 13501151.
31, 457, 953
What are the prime factors of 2045313?
3, 227257
What are the prime factors of 6795287?
991, 6857
What are the prime factors of 3423870?
2, 3, 5, 1409
What are the prime factors of 765406?
2, 382703
List the prime factors of 957881.
23, 41647
What are the prime factors of 281418?
2, 3, 17, 31, 89
List the prime factors of 59176.
2, 13, 569
List the prime factors of 7771678.
2, 1031, 3769
What are the prime factors of 19443131?
19443131
List the prime factors of 227789.
227789
List the prime factors of 110996.
2, 27749
List the prime factors of 550409.
17, 32377
List the prime factors of 200472.
2, 3, 8353
What are the prime factors of 7632020?
2, 5, 11, 113, 307
List the prime factors of 1472303.
7, 30047
List the prime factors of 187025.
5, 7481
List the prime factors of 7540406.
2, 29, 4483
What are the prime factors of 29477712?
2, 3, 11, 55829
What are the prime factors of 4076872?
2, 17, 31, 967
What are the prime factors of 15913928?
2, 1989241
What are the prime factors of 6183157?
6183157
List the prime factors of 3512001.
3, 1170667
List the prime factors of 894808.
2, 37, 3023
What are the prime factors of 1337880?
2, 3, 5, 11149
What are the prime factors of 8019308?
2, 11, 17, 71, 151
What are the prime factors of 1562087?
1562087
List the prime factors of 473984.
2, 7, 23
List the prime factors of 602394.
2, 3, 13, 7723
List the prime factors of 55965.
3, 5, 7, 13, 41
List the prime factors of 396926.
2, 198463
What are the prime factors of 1646508?
2, 3, 137209
List the prime factors of 2768253.
3, 29, 47, 677
What are the prime factors of 528729?
3, 176243
What are the prime factors of 2181250?
2, 5, 349
List the prime factors of 881282.
2, 440641
List the prime factors of 12462719.
12462719
List the prime factors of 2745533.
7, 23, 17053
What are the prime factors of 545235?
3, 5, 163, 223
What are the prime factors of 3818478?
2, 3, 61, 10433
List the prime factors of 443260.
2, 5, 37, 599
What are the prime factors of 2040190?
2, 5, 204019
List the prime factors of 2048539.
59, 34721
List the prime factors of 74782.
2, 139, 269
What are the prime factors of 5582758?
2, 2791379
List the prime factors of 140228.
2, 11, 3187
What are the prime factors of 480387?
3, 47, 3407
What are the prime factors of 1612556?
2, 11, 67, 547
What are the prime factors of 188295?
3, 5, 12553
What are the prime factors of 553240?
2, 5, 13831
What are the prime factors of 21797915?
5, 4359583
What are the prime factors of 279390?
2, 3, 5, 67, 139
What are the prime factors of 3628706?
2, 163, 11131
What are the prime factors of 4472625?
3, 5, 11927
List the prime factors of 5481832.
2, 641, 1069
List the prime factors of 206352.
2, 3, 1433
What are the prime factors of 113045?
5, 23, 983
List the prime factors of 14720649.
3, 19, 101, 2557
What are the prime factors of 1235552?
2, 38611
What are the prime factors of 681931?
681931
What are the prime factors of 1316366?
2, 179, 3677
List the prime factors of 537635.
5, 7, 15361
List the prime factors of 23589483.
3, 7863161
List the prime factors of 204935.
5, 17, 2411
What are the prime factors of 230723?
47, 4909
List the prime factors of 100636.
2, 139, 181
What are the prime factors of 364990?
2, 5, 17, 19, 113
What are the prime factors of 3603429?
3, 400381
List the prime factors of 1879409.
7, 268487
What are the prime factors of 703119?
3, 223, 1051
What are the prime factors of 6764929?
17, 383, 1039
List the prime factors of 2949432.
2, 3, 17, 7229
List the prime factors of 538859.
19, 79, 359
What are the prime factors of 2436132?
2, 3, 203011
List the prime factors of 1669429.
101, 16529
What are the prime factors of 1004910?
2, 3, 5, 19, 41, 43
What are the prime factors of 338767?
11, 13, 23, 103
What are the prime factors of 1683011?
11, 153001
List the prime factors of 2411431.
11, 257, 853
List the prime factors of 62299.
62299
List the prime factors of 111295.
5, 22259
What are the prime factors of 2035335?
3, 5, 47, 2887
List the prime factors of 209842.
2, 239, 439
List the prime factors of 201567.
3, 67189
What are the prime factors of 11078739?
3, 7, 175853
What are the prime factors of 80673?
3, 26891
List the prime factors of 1270671.
3, 423557
List the prime factors of 12701773.
7, 23, 78893
List the prime factors of 959380.
2, 5, 47969
What are the prime factors of 3488970?
2, 3, 5, 19, 6121
List the prime factors of 2008459.
31, 67, 967
List the prime factors of 2104064.
2, 8219
List the prime factors of 9534413.
7, 1362059
List the prime factors of 472833.
3, 107, 491
What are the prime factors of 15590533?
7, 53, 42023
What are the prime factors of 148991?
148991
What are the prime factors of 7569?
3, 29
What are the prime factors of 1836265?
5, 257, 1429
List the prime factors of 14676.
2, 3, 1223
List the prime factors of 487367.
41, 11887
List the prime factors of 14374.
2, 7187
List the prime factors of 98271.
3, 61, 179
What are the prime factors of 67302?
2, 3, 3739
What are the prime factors of 15474567?
3, 5158189
What are the prime factors of 7824347?
23, 109, 3121
List the prime factors of 6810600.
2, 3, 5, 11351
List the prime factors of 36472120.
2, 5, 31, 67, 439
What are the prime factors of 918301?
918301
List the prime factors of 141756.
2, 3, 11813
What are the prime factors of 1201585?
5, 7, 11, 3121
What are the prime factors of 691792?
2, 43237
What are the prime factors of 446706?
2, 3, 13, 23, 83
What are the prime factors of 1068153?
3, 37, 9623
What are the prime factors of 1612067?
223, 7229
List the prime factors of 21825.
3, 5, 97
What are the prime factors of 99534?
2, 3, 53, 313
List the prime factors of 444528.
2, 3, 7
List the prime factors of 245112.
2, 3, 7, 1459
What are the prime factors of 14995876?
2, 7, 139, 3853
List the prime factors of 217548.
2, 3, 6043
List the prime factors of 5716476.
2, 3, 158791
List the prime factors of 